{"id":1784,"date":"2023-12-29T09:47:03","date_gmt":"2023-12-29T12:47:03","guid":{"rendered":"https:\/\/des-slu.infd.edu.ar\/sitio\/?page_id=1784"},"modified":"2023-12-29T09:47:04","modified_gmt":"2023-12-29T12:47:04","slug":"formacion-docente","status":"publish","type":"page","link":"https:\/\/des-slu.infd.edu.ar\/sitio\/formacion-docente\/","title":{"rendered":"Subdirecci\u00f3n Capacitaci\u00f3n Docente y Formaci\u00f3n Profesional"},"content":{"rendered":"<div class=\"wp-block-image\">\n<figure class=\"aligncenter size-full is-resized\"><img decoding=\"async\" loading=\"lazy\" src=\"https:\/\/des-slu.infd.edu.ar\/sitio\/wp-content\/uploads\/2023\/12\/pagina-en-construccion-ES-copia.jpg\" alt=\"\" class=\"wp-image-1785\" width=\"739\" height=\"338\"\/><\/figure><\/div>","protected":false},"excerpt":{"rendered":"","protected":false},"author":2034,"featured_media":0,"parent":0,"menu_order":0,"comment_status":"closed","ping_status":"closed","template":"","meta":[],"acf":[],"_links":{"self":[{"href":"https:\/\/des-slu.infd.edu.ar\/sitio\/wp-json\/wp\/v2\/pages\/1784"}],"collection":[{"href":"https:\/\/des-slu.infd.edu.ar\/sitio\/wp-json\/wp\/v2\/pages"}],"about":[{"href":"https:\/\/des-slu.infd.edu.ar\/sitio\/wp-json\/wp\/v2\/types\/page"}],"author":[{"embeddable":true,"href":"https:\/\/des-slu.infd.edu.ar\/sitio\/wp-json\/wp\/v2\/users\/2034"}],"replies":[{"embeddable":true,"href":"https:\/\/des-slu.infd.edu.ar\/sitio\/wp-json\/wp\/v2\/comments?post=1784"}],"version-history":[{"count":1,"href":"https:\/\/des-slu.infd.edu.ar\/sitio\/wp-json\/wp\/v2\/pages\/1784\/revisions"}],"predecessor-version":[{"id":1787,"href":"https:\/\/des-slu.infd.edu.ar\/sitio\/wp-json\/wp\/v2\/pages\/1784\/revisions\/1787"}],"wp:attachment":[{"href":"https:\/\/des-slu.infd.edu.ar\/sitio\/wp-json\/wp\/v2\/media?parent=1784"}],"curies":[{"name":"wp","href":"https:\/\/api.w.org\/{rel}","templated":true}]}}